j?
65
Let w be 5 + -1 + (-5 - -1). Suppose t + g - 28 = w, -102 = -4*t + 2*g - 4*g. What is the remainder when (-1 - -78)/((-2)/(-2)) is divided by t?
8
Suppose 16*n - 30*n + 3666 = 33*n. Let g = 25 - 11. Calculate the remainder when n is divided by g.
8
Let o(x) = x**2 - 3*x - x - 33 - 14 - 20. What is the remainder when 96 is divided by o(-8)?
9
Let g be (2572 + 0)*8/32. Let f = g - 614. What is the remainder when 258 is divided by f?
26
Let n = -50 - -55. Suppose n*c - 172 - 248 = 0. Let z = c + -34. Calculate the remainder when z is divided by 26.
24
Calculate the remainder when (7 - 266/28)*-1106 is divided by 8.
5
Suppose 4*z = -5*q + 28, -5*z - 16 + 92 = -4*q. Suppose 1409*o - 5959 - 43621 = 13825. What is the remainder when o is divided by z?
9
Let x(d) = 9*d**2 + 3*d - 12. Let k be x(-3). Calculate the remainder when (7 - 0/4)/(4/k) is divided by 54.
51
Suppose -238*p = -288*p + 131950. Calculate the remainder when p is divided by 132.
131
Suppose -4*x + 2*v = 4*v - 418, -5*x = v - 527. Let c = 60 - 41. What is the remainder when x is divided by c?
11
Calculate the remainder when 2681 is divided by (-1906190)/(-715) - (-8 + 1)*2.
1
Let c(v) = -21*v - 1324. What is the remainder when c(-82) is divided by 159?
80
Suppose 205*z - 4 = 207*z. Suppose -i - 5*k + 9 = 0, -3*k + 9 - 68 = -4*i. Calculate the remainder when 5*2/z + (-2 - -60) is divided by i.
11
Let c = 11478 - 10905. What is the remainder when 1169 is divided by c?
23
Suppose -2*u = -4*p - 7*u - 30, -3*u - 1 = -p. Let t = 2412 - -228. Calculate the remainder when 3/p - t/(-25) is divided by 36.
33
Let a = -296 - 69. Let i = a - -412. Calculate the remainder when i is divided by 1/(-3) + (-62)/(-6).
7
Suppose d = -d - 4*p + 32, -5*p = d - 31. Suppose -5 = -d*l + l. What is the remainder when l is divided by 180/40 - 1/2 - 3?
0
Let b = -41 - -43. Suppose 2*o - 3*o + 65 = 0. Calculate the remainder when o is divided by (-135)/(-12) - b/16*2.
10
Let w = -99 - -102. Suppose 0*v - w*s + 81 = 2*v, 5*v - 200 = -5*s. Calculate the remainder when v is divided by -1 + 12 + (0 - 3).
7
Let n = 303 + -53. Suppose 5*p - 95 = -2*j, -3*j + 6 = p - 0. Calculate the remainder when n is divided by p.
19
Let m = -772 + 787. What is the remainder when 6*12 + 4*-1 is divided by m?
8
Let z(f) = -11*f**2 - 6*f + 11. Let g be z(5). Let r = g + 409. Calculate the remainder when r is divided by 20.
15
Suppose -54*t + 205 = -49*t + 20. Calculate the remainder when 1263 is divided by t.
5
Let s(w) = -w**2 + 8*w - 15. Let h be s(3). Suppose -43*m + 38*m + 70 = h. Let d = -35 - -86. What is the remainder when d is divided by m?
9
Let c(n) = n**3 - 2*n**3 + 4*n**3 - 3*n**2 - 2*n**3 + 2 - 6*n. Calculate the remainder when 24/(-42)*21/30*-160 is divided by c(5).
20
Suppose 3087 + 517 = -34*f. Let s = f + 125. Calculate the remainder when 151 is divided by s.
18
Suppose 53*b - 4*b - 8190 = -29*b. What is the remainder when 21101 is divided by b?
101
Let g(k) = k**3 - 4*k**2 - 86*k + 5. Calculate the remainder when 331 is divided by g(-7).
59
Let q be 13370/63 - (-4)/(-36)*2. Let o = q - 183. What is the remainder when o is divided by 12?
5
Let u = -137 - -140. Suppose 73 = u*s - 0*q + q, s - 27 = -q. Let r = 118 + -50. What is the remainder when r is divided by s?
22
Suppose 209*a + 2201 = 211*a + 5*q, -3*a + 3333 = -3*q. Calculate the remainder when a is divided by 369.
1
Let k be (-1)/(4 - 34/8). Suppose 0 = -0*s + 3*s + 4*l + 9, s = l + k. Calculate the remainder when ((-43)/4)/(s - 52/48) is divided by 33.
30
Let t = -823 - -873. Let v(b) = b**3 + 6*b**2 - 4*b + 5. Let r be v(-5). Calculate the remainder when 99 is divided by (t/75)/(r/(-51) - -1).
31
Suppose 3*f = 737 + 1621. Suppose 3*v + 3*v - f = 0. Suppose -v = 9*o - 644. What is the remainder when o is divided by 15?
12
Let l(s) = 288*s**2 - 200*s - 777. Calculate the remainder when l(-4) is divided by 24.
23
Suppose 0 = 4*h - a - 52990, 2*h - 21747 - 4769 = 4*a. What is the remainder when h is divided by 192?
190
Let h(u) = -189*u + 5007. What is the remainder when 245 is divided by h(26)?
59
Suppose -4*l = -3*h + 99, 10*h - 9*h - 2*l = 31. Let o(m) = m**3 + 9*m**2 + 8*m + 4. What is the remainder when o(-6) is divided by h?
27
Suppose 5*x - 56 = -b, -3*b = -0*b + 4*x - 190. Suppose -4*f - 10*n + 468 = 0, -2*f + 112*n + 250 = 109*n. What is the remainder when f is divided by b?
56
Let t be 0 + -2 - -2 - -207. Suppose f - 4*f = -t. What is the remainder when f is divided by (144/(-10))/(74/(-185))?
33
Let v(u) = 14. Let n(j) = j + 1. Let d(l) = 2*n(l) + 2*v(l). Let t be 2/(-8) - (-6)/24. What is the remainder when d(t) is divided by 11?
8
What is the remainder when 506 is divided by ((-2)/(-1))/(15*30/11925)?
29
Let f(n) = n**3 - 73*n**2 - 8*n + 643. Calculate the remainder when 318 is divided by f(73).
23
Let r(v) = -v**2 + 119*v - 404. What is the remainder when r(79) is divided by 251?
246
Let d = 10198 - 10145. What is the remainder when d is divided by 21?
11
Let r(d) = -402*d + 10445. Let s(n) = n + 99. What is the remainder when r(25) is divided by s(0)?
98
Suppose -8*c + 4104 - 465 + 4521 = 0. Calculate the remainder when c is divided by 38.
32
Let b = 21859 - 21797. Calculate the remainder when 113 is divided by b.
51
Suppose -5*m = -l - 20, -5 = -m - l + 5. What is the remainder when ((-135)/(-54))/(10/168) is divided by m?
2
Suppose 0 = -5429*r + 5416*r + 936. What is the remainder when 139 is divided by r?
67
Let u(j) = -4*j + 1. Let g(s) = -s. Let i(f) = -6*g(f) + u(f). Let l be i(5). Suppose 0 = -0*w - w + l. What is the remainder when 42 is divided by w?
9
Let t(s) = -11*s**3 - 2*s**2 + 1. Let o be 4*1 - (-7 + 2). Suppose 29*c + o = 154. Calculate the remainder when t(-1) is divided by c.
0
Let i be (-21006)/135*(-2)/(12/15). Let o = 424 - i. Calculate the remainder when 97 is divided by o.
27
Suppose h + 10*h = 550. Suppose -4*c - 2*p + 32 = -6*p, 4*p - 7 = c. What is the remainder when -1 + (h - (0 - -4)) is divided by c?
6
Let a(n) = -n**3 + 12*n**2 - 32*n + 17. Calculate the remainder when 3806 is divided by a(8).
15
Calculate the remainder when 1 + (1106/(-5))/(-2) + 60/150 is divided by 54.
4
Let g(y) = y**2 + 10*y + 23. What is the remainder when 66*(21/(-18))/(-7) is divided by g(-8)?
4
Calculate the remainder when 292 is divided by (-66)/(-99) + 32/(-30) + 724/10.
4
Let a(m) = m**3 - 2*m**2 + 15*m - 166. Calculate the remainder when 279 is divided by a(6).
7
Suppose -4*w + 5*l = -28, 0 = 2*w - 4*l - 0*l - 14. Suppose w*h - 4*h = 171. Let n = h + -45. Calculate the remainder when 47 is divided by n.
11
Suppose 0 = 2*i - 141 + 23. Suppose -28 = 96*s - 94*s. What is the remainder when i is divided by s/21*90/(-4)?
14
Calculate the remainder when ((-4)/((-100)/(-3505)))/((-1)/5) is divided by 90.
71
Let i = -12724 + 12796. What is the remainder when 387 is divided by i?
27
Suppose -3*h + 289 = -4*r + 62, -2*h - 5*r + 159 = 0. Suppose -34*b + 27*b + h = 0. Calculate the remainder when 130 is divided by b.
9
Suppose 4*p - 612 = 2*p. Let t = -42126 - -42148. Calculate the remainder when p is divided by t.
20
Let o = 266 - 125. Suppose -6*n - 5*h = -4*n - 22, -h + 55 = 5*n. What is the remainder when o is divided by 392/22 + 2/n?
15
Suppose 72*q - 73*q - 6018 = 0. Suppose -5*r - 4*u = -u - 84, -r - 5*u + 30 = 0. What is the remainder when (-2)/4 - q/68 is divided by r?
13
Let v = 27 - -31. What is the remainder when v is divided by 19*1 - 2/(-1)?
16
Suppose 25*n - 87 = -3*g + 18*n, 5*g - 174 = -2*n. Calculate the remainder when 285 is divided by g.
33
Calculate the remainder when 2600 is divided by (1 - 651/(-2)) + 208/(-32) + 7.
311
Let r(n) = n**2 - 14*n - 20. Let c be r(18). Let q be c/13*1*(-6)/(-4). What is the remainder when 15 is divided by (2 - 4)*(-27)/q?
6
Suppose -5*x - 56 = -6*x. Suppose 6 = 2*z - 5*t + x, 0 = 2*z + 4*t + 14. Let q(m) = -m + 7. What is the remainder when 152 is divided by q(z)?
20
Let t(z) = -5*z - 69. Let v = 369 - 386. Calculate the remainder when t(v) is divided by 10.
6
Let x(f) = f**3 + f**2 + f + 5. Let u be x(0). Suppose 3*m - 3*n - 39 = 9, -n = u*m - 80. Calculate the remainder when m is divided by -2 - 11/((-55)/40).
4
Suppose -829*h - 7946 = -858*h. Calculate the remainder when 292 is divided b